3*f + 9. Determine x(10).
-21
Let z(j) = -j**2 - 4*j + 2. Determine z(-4).
2
Let d(a) = a**2 + 15*a - 15. Determine d(-16).
1
Let s(h) = -5*h - 6. Determine s(4).
-26
Let p(o) = -o**3 + 19*o**2 - 16*o - 23. What is p(18)?
13
Let g(p) = 2*p**3 - 16*p**2 + 32*p - 6. What is g(3)?
0
Let i(k) = k**3 + 4*k**2 - 3*k - 8. Calculate i(0).
-8
Let a(l) = 3*l - 70. What is a(30)?
20
Let m(k) = -k**3 + 15*k**2 - 14*k + 18. What is m(14)?
18
Let h(j) = j**2 + 26*j - 24. Calculate h(-18).
-168
Let g(b) = 40*b - 287. Give g(7).
-7
Let i(l) = -3*l**2 - 2*l + 1. Give i(3).
-32
Let l(k) = k**3 - 2*k**2 + 2*k + 48. Calculate l(0).
48
Let i(h) = -h**3 - 18*h**2 + 43*h + 39. Give i(-20).
-21
Let h(t) = t**2 + 4*t - 2. Calculate h(2).
10
Let a(b) = b**3 - 3*b**2 - 81*b + 373. What is a(6)?
-5
Let d(u) = -u**3 + 4*u**2 + u + 4. Give d(5).
-16
Let o(n) = -n**2 - n + 6. Give o(-5).
-14
Let c(s) = s**3 - 4*s**2 - s + 2. Determine c(3).
-10
Let y(o) = -2*o**2 + 8*o - 8. Determine y(5).
-18
Let a(z) = -3*z**2 + 4*z - 3. Give a(2).
-7
Let p(c) = c - 2. Determine p(-8).
-10
Let h(v) = v + 26. Calculate h(-22).
4
Let b(w) = w**3 + 8*w**2 + 6*w + 9. Determine b(-6).
45
Let v(h) = h**2 + 12*h - 56. Determine v(4).
8
Let f(g) = -g**3 - 2*g**2 + g + 1. Calculate f(-3).
7
Let r(i) = i + 6. Give r(2).
8
Let f(q) = 15*q - 68. Calculate f(5).
7
Let b(q) = 4*q**2 - 15*q + 5. What is b(5)?
30
Let y(o) = 3*o**2 - 3*o + 3. What is y(2)?
9
Let h(o) = -3*o + 47. Give h(13).
8
Let y(l) = -10*l - 4. Calculate y(-5).
46
Let k(s) = 3*s**3 + 2*s. What is k(3)?
87
Let f(s) = -2*s - 9. Calculate f(-1).
-7
Let y(l) = 4*l**2 - 102*l + 53. Determine y(25).
3
Let q(u) = -u**3 - 2*u**2 + 7*u + 5. Determine q(-4).
9
Let v(k) = 3*k - 66. Determine v(14).
-24
Let t(s) = 2*s + 18. What is t(-11)?
-4
Let w(m) = 7*m. Give w(3).
21
Let z(j) = 18*j + 24. Determine z(-4).
-48
Let f(s) = -s**3 - 8*s**2 - 12*s - 3. Give f(-6).
-3
Let d(h) = -31*h - 37. Give d(-1).
-6
Let k(m) = m**3 - m**2 - 10*m - 3. Calculate k(4).
5
Let g(u) = -u + 6. Calculate g(-4).
10
Let q(v) = -v**3 - 21*v**2 - 13*v + 35. Give q(-20).
-105
Let u(h) = h**2 + 16*h - 103. Determine u(-21).
2
Let d(u) = 2*u**2 + 47*u + 49. Determine d(-22).
-17
Let z(v) = v**3 + 8*v**2 - v + 2. Give z(-8).
10
Let o(v) = -v**2 + 12*v + 147. Determine o(19).
14
Let l(g) = g**3 + 10*g**2 - 2*g - 22. Calculate l(-10).
-2
Let d(u) = 7*u**2 + 8*u - 26. Calculate d(4).
118
Let d(k) = -k**3 + 4*k**2 + 3*k + 19. Determine d(6).
-35
Let n(l) = -l**2 - 5*l - 2. Give n(-4).
2
Let a(g) = -g**3 - 12*g**2 + 13*g + 12. Give a(-13).
12
Let z(j) = -j**3 + 12*j**2 + 33*j - 81. Calculate z(14).
-11
Let j(s) = s**2 + 17*s - 9. Give j(-19).
29
Let f(k) = 2*k**2 + 8*k - 5. Give f(-8).
59
Let x(o) = o - 7. What is x(3)?
-4
Let x(j) = 4*j - 92. Give x(23).
0
Let u(w) = -w**3 + 3*w**2 - 2*w + 3. Determine u(5).
-57
Let o(a) = -a**3 + 15*a**2 - 6*a - 102. Give o(14).
10
Let m(w) = -w**2 - 7*w + 10. What is m(-11)?
-34
Let h(c) = -c**3 + 5*c**2 + 8*c - 1. Give h(6).
11
Let b(o) = -133*o - 662. What is b(-5)?
3
Let f(z) = -z**2 - 2*z + 4. Give f(-7).
-31
Let p(k) = -k**3 - 5*k**2 - 39. What is p(-6)?
-3
Let t(c) = c**3 - 18*c**2 - 20*c + 13. Calculate t(19).
-6
Let h(o) = 15*o + 132. Calculate h(-9).
-3
Let j(n) = n**3 + 13*n**2 + n - 16. Calculate j(-13).
-29
Let i(d) = d**2 - 16*d + 13. Calculate i(16).
13
Let k(r) = r**3 - 16*r**2 - r + 22. What is k(16)?
6
Let z(q) = 2*q**3 + 20*q**2 - 28*q - 16. Determine z(-11).
50
Let i(a) = 15*a - 27. What is i(5)?
48
Let h(r) = -4*r**2 + 6*r - 3. Give h(5).
-73
Let u(b) = b**3 + 7*b**2 + 3*b - 9. Calculate u(-5).
26
Let r(p) = p**3 - 18*p**2 + 29*p + 22. Determine r(16).
-26
Let w(x) = 2*x + 59. What is w(-23)?
13
Let c(z) = -8*z - 27. What is c(-7)?
29
Let l(u) = -7*u**3 - 701*u**2 - 100*u + 7. Give l(-100).
7
Let t(z) = 25*z + 349. Calculate t(-14).
-1
Let b(s) = 2*s**2 + 46*s + 269. What is b(-11)?
5
Let a(j) = j**3 - 8*j**2 + 5*j - 6. Calculate a(7).
-20
Let n(h) = h**3 - 4*h**2 - 2*h - 10. Determine n(5).
5
Let f(w) = -4*w - 9. Calculate f(-8).
23
Let v(g) = g + 3. What is v(3)?
6
Let i(d) = d**2 + 4*d - 1. Give i(3).
20
Let d(p) = 2*p - 12. Give d(16).
20
Let x(d) = -2*d + 13. What is x(5)?
3
Let x(l) = 67*l - 3. Determine x(1).
64
Let g(o) = -o**3 + 2*o**2 + 2*o + 12. Give g(0).
12
Let s(y) = 3*y**3 + y**2 - 14*y - 15. Give s(-1).
-3
Let k(z) = -2*z**2 + 7*z + 5. What is k(4)?
1
Let r(p) = -9*p + 6. Calculate r(3).
-21
Let g(j) = j**2 - 13*j - 8. Determine g(14).
6
Let p(f) = -f**3 - 8*f**2 + 10*f + 23. Calculate p(-8).
-57
Let z(b) = -b**2 - 12*b - 10. What is z(-10)?
10
Let s(q) = q**3 + 8*q**2 - 9*q - 1. Calculate s(-9).
-1
Let b(h) = -h**2 - 13. Calculate b(0).
-13
Let q(v) = 4*v**3 - 4*v**2 - 4*v + 1. What is q(-1)?
-3
Let o(g) = g**3 + 13*g**2 + 2*g - 9. Determine o(-13).
-35
Let h(b) = -b**2 - 24*b - 150. Calculate h(-11).
-7
Let t(o) = o**3 - o**2 + 5*o + 1. Give t(0).
1
Let g(k) = k**3 - 11*k**2 + 15*k + 20. Give g(9).
-7
Let w(r) = r**3 - 9*r**2 - 26*r + 45. What is w(11)?
1
Let v(x) = -x**3 + 4*x**2 + 8*x + 11. Give v(5).
26
Let g(o) = -o**2 + 20*o + 8. Give g(9).
107
Let g(w) = w + 2. Calculate g(-2).
0
Let n(b) = -b**3 + 6*b**2 + b - 1. Determine n(5).
29
Let w(m) = m**3 + 36*m**2 - 117*m - 6. Give w(-39).
-6
Let c(k) = k**2 - 6*k + 4. Calculate c(3).
-5
Let u(i) = -3*i**2 + 4*i + 7. Determine u(6).
-77
Let q(b) = b**3 - 14*b**2 + 3. Calculate q(14).
3
Let w(i) = -6*i + 155. Give w(25).
5
Let a(l) = -l**3 - 13*l**2 + 38*l + 10. What is a(-15)?
-110
Let g(a) = -23*a + 184. Give g(8).
0
Let s(a) = -2*a - 2. Calculate s(7).
-16
Let w(t) = -t**2 - 5*t + 5. Calculate w(-7).
-9
Let p(q) = -11*q + 11. What is p(2)?
-11
Let h(w) = -w**3 - w + 9. Calculate h(0).
9
Let b(w) = w**3 - 7*w + 1. Calculate b(0).
1
Let w(d) = 7*d + 2. Determine w(-2).
-12
Let y(r) = r**2 - 9*r + 35. Determine y(5).
15
Let q(m) = -m**3 + 6*m**2 - 7*m + 3. Calculate q(6).
-39
Let p(g) = -g**3 + 7*g**2 - 3*g. Calculate p(4).
36
Let c(l) = -6*l + 4. Determine c(8).
-44
Let z(r) = -5*r + 17. Give z(7).
-18
Let g(b) = b**2 - 15*b - 54. Calculate g(18).
0
Let i(a) = -a**3 + 6*a**2 + 40*a - 8. Give i(10).
-8
Let a(y) = 3*y**2 + 24*y + 47. Give a(-3).
2
Let k(p) = p**2 - 20*p - 45. Calculate k(22).
-1
Let v(p) = -p**2 + 7*p - 19. Calculate v(8).
-27
Let c(w) = -3*w + 8. Determine c(8).
-16
Let g(d) = -d**3 - 3*d**2 + 7*d + 6. Calculate g(-4).
-6
Let z(j) = 13*j - 97. Give z(7).
-6
Let k(i) = i**2 + 2*i - 2. Determine k(-4).
6
Let x(k) = 4*k + 17. Determine x(-2).
9
Let w(n) = 3*n**2 + 20*n - 12. Determine w(-8).
20
Let w(x) = x**2 - 16*x + 7. Determine w(15).
-8
Let m(g) = -g**2 - 20*g + 22. Give m(-22).
-22
Let u(m) = -2*m**3 + 15*m**2 - 11*m - 8. Calculate u(6).
34
Let l(y) = y**2 + 6*y - 2. What is l(-3)?
-11
Let r(n) = -n**3 + n**2 + 2*n + 10. What is r(0)?
10
Let u(g) = g**3 - 7*g**2 - 8*g + 7. Calculate u(5).
-83
Let c(d) = -d**3 - 8*d**2 - d - 6. Determine c(-8).
2
Let x(u) = u**2 - 18*u - 108. Calculate x(21).
-45
Let u(s) = -s**3 + 17*s + 9. Calculate u(-4).
5
Let c(k) = -7*k + 20. Give c(6).
-22
Let s(j) = 2*j**2 - 35*j + 28. What is s(17)?
11
Let m(s) = s**3 + 7*s**2 - 10*s - 12. What is m(-8)?
4
Let h(i) = 7*i**2 + 9*i - 1. Calculate h(-2).
9
Let f(w) = 2*w**2 + 5*w + 2. Give f(-3).
5
Let m(g) = -35*g + 235. What is m(7)?
-10
Let m(k) = k**2 + 6*k + 15. Calculate m(0).
15
Let v(b) = 22*b - 57. Give v(3).
9
Let b(n) = n**2 + 4*n + 4. Give b(-6).
16
Let x(w) = 34*w**2 - w - 2. Give x(-1).
33
Let v(m) = 2*m**2 - 16. Calculate v(-4).
16
Let l(p) = -p**3 + 19*p**2 - 76*p + 11. Give l(6).
23
Let x(d) = d**3 + 5*d**2 + 4. Give x(-7).
-94
Let q(y) = -3*y + 4. Determine q(-1).
7
Let u(j) = -6*j + 5. What is u(1)?
-1
Let z(k) = -k**2 - 11*k + 18. Calculate z(-13).
-8
Let a(s) = 2*s - 2. Determine a(-5).
-12
Let v(o) = -o**2 - 9*o + 5. What is v(-9)?
5
Let n(r) = -r**2 - 2*r - 3. What is n(-3)?
-6
Let k(a) = 4*a - 20. Determine k(5).
0
Let u(h) = -h**3 - 7*h**2 - 2*h - 6. Calculate u(-7).
8
Let i(a) = 2*a**2 + 25*a - 55. Calculate i(-14).
-13
Let b(m) = -m - 8. Calculate b(-2).
-6
Let h(x) = -x - 3. Determine h(-2).
-1
Let x(a) = -33*a + 113. Determine x(4).
-19
Let q(u) = 2*u**2 - 6*u - 8. Calculate q(7).
48
Let u(k) = -k**2 - 2*k + 41. Give u(6).
-7
Let m(